{"id":134,"date":"2018-10-05T16:39:30","date_gmt":"2018-10-05T16:39:30","guid":{"rendered":"http:\/\/www.gibostad.no\/julemarked-test\/?page_id=97"},"modified":"2019-11-26T09:45:38","modified_gmt":"2019-11-26T09:45:38","slug":"program","status":"publish","type":"page","link":"https:\/\/www.gibostad.no\/julemarked\/program\/","title":{"rendered":"Program"},"content":{"rendered":"<h1><span style=\"color: #ff0000;\"><br \/>L<\/span><span style=\"color: #ff0000;\">\u00f8rdag 7. desember 2019<br \/><\/span><\/h1>\n<p><strong>Kl 11:00<\/strong><br \/>Markedsbodene \u00e5pner i Butikken, i Smia, i Telegrafen, i Gammelbrygga, i Materialhandelen og ute i Julegata og i Markedsomr\u00e5det.<\/p>\n<p>Nissehuset er p\u00e5 plass og Postkassen er hengt opp<\/p>\n<p>God og gammeldags f\u00f8rjulsstemning inne, - og utend\u00f8rs i Julegata<\/p>\n<p>Salg av julegr\u00f8t, lapskaus og smultringer i Gammel-Butikken<\/p>\n<p>JULEMARKEDS-CAF\u00c9 i Smia<\/p>\n<p>Salg av p\u00f8lser m.m. i Materialhandelen<\/p>\n<p>Gl\u00f8gg og pepperkaker, samt b\u00e5lkaffe er klar!<\/p>\n<p>Julemat selges\u00a0 p\u00e5 Vertshuset Gibostad<\/p>\n<p><strong>Kl 11:30<\/strong><br \/>Offisiell \u00e5pning av JuleMarkedet i Gamle Gibostad.<\/p>\n<p>Koret Steinr\u00f8ysa synger rundt omkring.<\/p>\n<p>Kanskje Snyfjellnissen viser seg?<\/p>\n<p>Gang rundt Julegrana er selvsagt mulig<\/p>\n<p>Leik og moro ute i Gamle Gibostad<\/p>\n<p>K\u00e5ring av beste markedsbod<\/p>\n<p>Sitteplasser ute i Markedsomr\u00e5det, i Butikken, p\u00e5 Gammelbrygga, i Smia og i Materialhandelen<\/p>\n<p>50 kr inngang for voksne til hele JuleMarkedet<\/p>\n<p>Salg av \u00abGamle Gibostad\u00bb - Caps.<\/p>\n<p>Hele Gamle Gibostad er et bilfritt omr\u00e5de mens JuleMarkedet p\u00e5g\u00e5r.<br \/>Ordin\u00e6r parkering rundt om p\u00e5 Gibostad. F\u00f8lg skilting.<\/p>\n<p>VELKOMMEN<\/p>\n\n\n<p><\/p>\n","protected":false},"excerpt":{"rendered":"<p>L\u00f8rdag 7. desember 2019 Kl 11:00Markedsbodene \u00e5pner i Butikken, i Smia, i Telegrafen, i Gammelbrygga, i Materialhandelen og ute i Julegata og i Markedsomr\u00e5det. Nissehuset er p\u00e5 plass og Postkassen er hengt opp God og gammeldags f\u00f8rjulsstemning inne, - og utend\u00f8rs i Julegata Salg av julegr\u00f8t, lapskaus og smultringer i Gammel-Butikken JULEMARKEDS-CAF\u00c9 i Smia Salg <a href=\"https:\/\/www.gibostad.no\/julemarked\/program\/\" class=\"more-link\">\u2026 fortsett \u00e5 lese<span class=\"screen-reader-text\"> \u00abProgram\u00bb<\/span><\/a><\/p>\n","protected":false},"author":1,"featured_media":0,"parent":0,"menu_order":0,"comment_status":"closed","ping_status":"closed","template":"","meta":{"footnotes":""},"class_list":["post-134","page","type-page","status-publish","h-entry","hentry","h-as-page"],"_links":{"self":[{"href":"https:\/\/www.gibostad.no\/julemarked\/wp-json\/wp\/v2\/pages\/134","targetHints":{"allow":["GET"]}}],"collection":[{"href":"https:\/\/www.gibostad.no\/julemarked\/wp-json\/wp\/v2\/pages"}],"about":[{"href":"https:\/\/www.gibostad.no\/julemarked\/wp-json\/wp\/v2\/types\/page"}],"author":[{"embeddable":true,"href":"https:\/\/www.gibostad.no\/julemarked\/wp-json\/wp\/v2\/users\/1"}],"replies":[{"embeddable":true,"href":"https:\/\/www.gibostad.no\/julemarked\/wp-json\/wp\/v2\/comments?post=134"}],"version-history":[{"count":13,"href":"https:\/\/www.gibostad.no\/julemarked\/wp-json\/wp\/v2\/pages\/134\/revisions"}],"predecessor-version":[{"id":290,"href":"https:\/\/www.gibostad.no\/julemarked\/wp-json\/wp\/v2\/pages\/134\/revisions\/290"}],"wp:attachment":[{"href":"https:\/\/www.gibostad.no\/julemarked\/wp-json\/wp\/v2\/media?parent=134"}],"curies":[{"name":"wp","href":"https:\/\/api.w.org\/{rel}","templated":true}]}}